at is -12 - 1408?
-1420
In base 11, what is -15 - 13?
-28
In base 10, what is 30 - 2?
28
In base 6, what is 15 - -34?
53
In base 12, what is -585 - 1?
-586
In base 3, what is -1 - 20?
-21
In base 2, what is 10 - -111010110?
111011000
In base 8, what is 200 + 26?
226
In base 5, what is 2 + -44220?
-44213
In base 4, what is 22 + 202?
230
In base 3, what is -12110 + -11?
-12121
In base 5, what is -13 + -23212?
-23230
In base 11, what is -4 - -3959?
3955
In base 10, what is 4 - -52?
56
In base 2, what is -11 + -111010?
-111101
In base 10, what is 4 + 6934?
6938
In base 3, what is 0 - -10200?
10200
In base 6, what is 10 - 124?
-114
In base 12, what is -140 + 0?
-140
In base 9, what is 800 + 2?
802
In base 5, what is 1003 + 1?
1004
In base 7, what is -6 - -652?
643
In base 12, what is 5 - a23?
-a1a
In base 8, what is -21 + 201?
160
In base 13, what is -29 - 2a?
-56
In base 5, what is 1 - -2?
3
In base 3, what is 100 + 10?
110
In base 2, what is 110 - -101?
1011
In base 13, what is 33 - -b?
41
In base 7, what is 4 + -1?
3
In base 9, what is 11 - 32?
-21
In base 3, what is -2102 + -1001?
-10110
In base 4, what is -1 + -301?
-302
In base 7, what is -5 - -60?
52
In base 10, what is -1 + 5?
4
In base 12, what is b - -4a?
59
In base 8, what is 47102 + 4?
47106
In base 7, what is -4 + -230?
-234
In base 5, what is 4 - 412?
-403
In base 14, what is 7a1 + 4?
7a5
In base 11, what is 0 + -60?
-60
In base 2, what is -1100000 + 1010?
-1010110
In base 11, what is 4 - -773?
777
In base 12, what is 3 - 48?
-45
In base 6, what is -155 + 205?
10
In base 5, what is 203 - 310?
-102
In base 6, what is -2 - 111?
-113
In base 16, what is -4c1 - 5?
-4c6
In base 11, what is 15 - 389?
-374
In base 13, what is -22 - -5?
-1a
In base 4, what is -11 + -302200?
-302211
In base 12, what is 5 + 38b?
394
In base 13, what is 5 + 7?
c
In base 12, what is 1 - -1?
2
In base 10, what is 3 + 36?
39
In base 12, what is -2 + -119?
-11b
In base 11, what is -354 - 3?
-357
In base 2, what is -11 - 101101?
-110000
In base 13, what is -16 + 4?
-12
In base 4, what is 333 + -30012?
-23013
In base 11, what is -22 + -395?
-407
In base 8, what is 3127 + -3?
3124
In base 13, what is -1 + -4c0?
-4c1
In base 8, what is -12 + -5?
-17
In base 6, what is 4 + 53?
101
In base 9, what is -102 - 210?
-312
In base 15, what is -15 + -a?
-20
In base 11, what is -641 + 1?
-640
In base 12, what is 4 - 28?
-24
In base 11, what is -387 + 4?
-383
In base 15, what is a + 6e?
79
In base 4, what is -1020302 + -11?
-1020313
In base 15, what is -496 - 5?
-49b
In base 14, what is -123 + b5?
-4c
In base 4, what is -302 + 3003?
2101
In base 7, what is -2 + -4?
-6
In base 16, what is 1 - -3?
4
In base 10, what is -61 - 144?
-205
In base 14, what is 3 + -99b?
-998
In base 5, what is 114 - -10?
124
In base 16, what is 33 + -5?
2e
In base 10, what is -964 + -4?
-968
In base 5, what is 111133 + 3?
111141
In base 5, what is 1322 - 2?
1320
In base 4, what is -3322 + 10?
-3312
In base 13, what is -cc2 - 3?
-cc5
In base 3, what is 2012 - -112?
2201
In base 14, what is -5 - 1ab?
-1b2
In base 4, what is 1 + -1320?
-1313
In base 4, what is -3 + 200301?
200232
In base 7, what is 4 + -402?
-365
In base 16, what is -9 + 66?
5d
In base 5, what is -31 - 14?
-100
In base 13, what is -13 - -3?
-10
In base 6, what is 1 + 542?
543
In base 6, what is 3 + -524?
-521
In base 16, what is -4 + -65?
-69
In base 8, what is 3 + 455?
460
In base 15, what is -2 + 4?
2
In base 12, what is 46 - 82?
-38
In base 9, what is -137 + -48?
-186
In base 3, what is -2 - 111011?
-111020
In base 3, what is -1212110 + -1?
-1212111
In base 3, what is 10 + 10111102?
10111112
In base 8, what is -5 - 52?
-57
In base 4, what is -1121 - 1100?
-2221
In base 13, what is -6 - -48?
42
In base 14, what is 0 - -268?
268
In base 10, what is -1914 - 0?
-1914
In base 16, what is -2a7 - -5?
-2a2
In base 3, what is 1 - 1220?
-1212
In base 11, what is 326 - -5?
330
In base 9, what is -1 - 44?
-45
In base 10, what is 2 - 645?
-643
In base 4, what is -303 - 2?
-311
In base 12, what is -1 + 1?
0
In base 11, what is 3 - -8?
10
In base 14, what is -33 + -1?
-34
In base 10, what is -351 - 1?
-352
In base 12, what is 6 + 17b?
185
In base 15, what is 29 + -1?
28
In base 2, what is -10101001 - -1?
-10101000
In base 6, what is -5333 - -4?
-5325
In base 13, what is -2 - 30?
-32
In base 2, what is 101 + 10111?
11100
In base 12, what is 4 + b?
13
In base 13, what is -25 - 12?
-37
In base 11, what is 3388 - -5?
3392
In base 3, what is 2 + -12112?
-12110
In base 2, what is 11111000000 + -100?
11110111100
In base 3, what is 2 - -1022?
1101
In base 16, what is 3 - -bb?
be
In base 2, what is -101 + -110011010?
-110011111
In base 6, what is -1155 - 5?
-1204
In base 10, what is 4 + -1733?
-1729
In base 9, what is -35 + 11?
-24
In base 4, what is 1331 + 12?
2003
In base 2, what is 1110010 - -10?
1110100
In base 4, what is -3113 - -3?
-3110
In base 7, what is 4 + 5120?
5124
In base 7, what is -65 + 5?
-60
In base 2, what is -110101001001 - -11?
-110101000110
In base 11, what is 145 - -3?
148
In base 6, what is -111 + 10?
-101
In base 12, what is -25 - 10a?
-133
In base 13, what is -122 + 3?
-11c
In base 8, what is 47 - -3?
52
In base 14, what is -4 + 10da?
10d6
In base 8, what is 663 - 2?
661
In base 7, what is -16 - 21?
-40
In base 16, what is -5 - -2d?
28
In base 15, what is -3 + -3?
-6
In base 13, what is 2 + -8a4?
-8a2
In base 9, what is 36 - 5?
31
In base 14, what is 4 - -2b6?
2ba
In base 9, what is 1 + 233?
234
In base 13, what is 1 + 86?
87
In base 16, what is -21 - 37?
-58
In base 13, what is -2 + -a2?
-a4
In base 3, what is 2 - -1112?
1121
In base 10, what is -2094 + 1?
-2093
In base 2, what is -11 + -11110110010?
-11110110101
In base 6, what is -541 - 13?
-554
In base 16, what is -245 - -1?
-244
In base 10, what is -2 - -12?
10
In base 6, what is -5 - -132?
123
In base 8, what is 21 + -130?
-107
In base 7, what is 3630 - -4?
3634
In base 16, what is -3 + 1d?
1a
In base 13, what is 0 + 1a69?
1a69
In base 9, what is 125 + 1?
126
In base 13, what is 65 - a?
58
In base 14, what is 2 - -57?
59
In base 3, what is 10 + -110102?
-110022
In base 15, what is -3 - -21c2?
21be
In base 10, what is -4 - -17?
13
In base 8, what is 6 - -40?
46
In base 6, what is 2 - 2140?
-2134
In base 16, what is -57 + 2?
-55
In base 3, what is 10121 - -1?
10122
In base 16, what is 5 - -1f?
24
In base 9, what is 21 - 3?
17
In base 16, what is 3d7 - -2?
3d9
In base 10, what is 437 + 3?
440
In base 2, what is -10001110 + -101?
-10010011
In base 13, what is 288 + 2?
28a
In base 11, what is 1a - 824?
-805
In base 4, what is 0 - 2?
-2
In base 9, what is -2 - 3253?
-3255
In base 4, what is -1210 - 1022?
-2232
In base 11, what is 26 + 9?
34
In base 9, what is -75 - -40?
-35
In base 11, what is 7a + -2?
78
In base 13, what is -6b + 12?
-59
In base 5, what is 1231 - -10?
1241
In base 15, what is 6ea + 1?
6eb
In base 8, what is 0 + -115?
-115
In base 12, what is 12 - 0?
12
In base 16, what is -4b - -4?
-47
In base 3, what is 1222121 - 11?
1222110
In base 11, what is -868 - 1?
-869
In base 10, what is -1 + 100?
99
In base 15, what is -4 - -23c?
238
In base 8, what is 5 + 503?
510
In base 12, what is -9 + 1a?
11
In base 16, what is 61 + -1?
60
In base 8, what is -132 + -44?
-176
In base 2, what is -11110100110 - -1000?
-11110011110
In base 14, what is 5 + -b77?
-b72
In base 10, what is -12 - -84?
72
In base 4, what is 3 + -1021100?
-1021031
In base 5, what is 10 + 10121?
10131
In base 2, what is 101000110 - -1?
101000111
In base 12, what is 4 - 2a?
-26
In base 8, what is -4 - -50?
44
In base 15, what is -7d - 3?
-81
In base 12, what is -511 + 3?
-50a
In base 7, what is 0 + 125?
125
In base 5, what is -20 + -32?
-102
In base 3, what is 10 + 2222221?
10000001
In base 6, what is 0 + 141?
141
In base 16, what is fb - 14?
e7
In base 15, what is -48 + -3?
-4b
In base 3, what is 222200 - 10?
222120
In base 14, what is 0 - 51?
-51
In base 10, what is 0 - 469?
-469
In base 15, what is 4 - -dc?
e1
In base 7, what is -54541 + 0?
-54541
In base 15, what is 49 + 16?
60
In base 11, what is 7093 + -1?
7092
In base 6, what is -3130 + 4?
-3122
In base 14, what is 255 + -13?
242
In base 14, what is -4 + 4aa?
4a6
In base 8, what is -2 - 56?
-60
In base 10,